hat is the thousands digit of 87590279?
0
What is the ten millions digit of 329960642?
2
What is the units digit of 265695682?
2
What is the ten millions digit of 26344326?
2
What is the ten millions digit of 35827978?
3
What is the ten millions digit of 24741261?
2
What is the tens digit of 814313131?
3
What is the thousands digit of 244505944?
5
What is the units digit of 540102541?
1
What is the hundred millions digit of 707783564?
7
What is the hundreds digit of 162135364?
3
What is the hundred millions digit of 6291249539?
2
What is the millions digit of 872550190?
2
What is the hundreds digit of 191280431?
4
What is the tens digit of 2034781967?
6
What is the hundreds digit of 72190384?
3
What is the millions digit of 13026427?
3
What is the tens digit of 4002840148?
4
What is the hundred millions digit of 289753711?
2
What is the millions digit of 18113383?
8
What is the units digit of 1394594578?
8
What is the thousands digit of 172113595?
3
What is the ten millions digit of 393956049?
9
What is the ten millions digit of 687492850?
8
What is the tens digit of 209374952?
5
What is the hundred thousands digit of 278827607?
8
What is the units digit of 912722236?
6
What is the ten thousands digit of 46767392?
6
What is the ten millions digit of 204938549?
0
What is the hundred thousands digit of 136225893?
2
What is the units digit of 131148747?
7
What is the ten thousands digit of 1673757773?
5
What is the hundred thousands digit of 982213535?
2
What is the units digit of 508040435?
5
What is the ten millions digit of 1505890880?
0
What is the hundred thousands digit of 1703132964?
1
What is the tens digit of 28979281?
8
What is the hundred millions digit of 138938927?
1
What is the units digit of 157273806?
6
What is the ten thousands digit of 425903707?
0
What is the hundred thousands digit of 509289843?
2
What is the tens digit of 22838538?
3
What is the thousands digit of 744873651?
3
What is the tens digit of 21149780?
8
What is the millions digit of 33144668?
3
What is the tens digit of 2326634?
3
What is the hundreds digit of 1286673423?
4
What is the units digit of 17074624?
4
What is the hundreds digit of 515726811?
8
What is the units digit of 441357593?
3
What is the hundreds digit of 746525451?
4
What is the hundred thousands digit of 104021052?
0
What is the units digit of 7546572860?
0
What is the millions digit of 175354870?
5
What is the ten thousands digit of 4469552?
6
What is the tens digit of 332245355?
5
What is the ten millions digit of 126206397?
2
What is the millions digit of 12953804?
2
What is the hundred millions digit of 239825524?
2
What is the ten thousands digit of 14293139?
9
What is the units digit of 1604770927?
7
What is the billions digit of 5132952552?
5
What is the tens digit of 387580376?
7
What is the millions digit of 18227324?
8
What is the thousands digit of 26550635?
0
What is the units digit of 1951906623?
3
What is the hundred millions digit of 3147779989?
1
What is the tens digit of 504980409?
0
What is the tens digit of 75529318?
1
What is the hundreds digit of 12500975?
9
What is the hundred millions digit of 1552422579?
5
What is the thousands digit of 169861603?
1
What is the ten millions digit of 200909797?
0
What is the hundred thousands digit of 1430390916?
3
What is the ten thousands digit of 129281427?
8
What is the tens digit of 1781066996?
9
What is the tens digit of 7426175407?
0
What is the thousands digit of 80996062?
6
What is the ten millions digit of 1801865048?
0
What is the tens digit of 373297562?
6
What is the ten thousands digit of 327962104?
6
What is the ten thousands digit of 360887810?
8
What is the hundred millions digit of 278402628?
2
What is the hundred thousands digit of 850682225?
6
What is the ten millions digit of 32407021?
3
What is the hundred millions digit of 1976956899?
9
What is the thousands digit of 598665946?
5
What is the ten thousands digit of 33992770?
9
What is the units digit of 80620847?
7
What is the hundred millions digit of 147901398?
1
What is the tens digit of 89456310?
1
What is the hundreds digit of 326144609?
6
What is the ten thousands digit of 431499733?
9
What is the units digit of 596154247?
7
What is the thousands digit of 67947701?
7
What is the units digit of 580136010?
0
What is the millions digit of 1112206764?
2
What is the billions digit of 1716651661?
1
What is the hundred millions digit of 1275997865?
2
What is the units digit of 2689133902?
2
What is the thousands digit of 4137324?
7
What is the hundreds digit of 89473235?
2
What is the tens digit of 3116123452?
5
What is the tens digit of 61411927?
2
What is the ten millions digit of 38932040?
3
What is the ten thousands digit of 429674273?
7
What is the tens digit of 86199377?
7
What is the ten thousands digit of 59430331?
3
What is the thousands digit of 34760640?
0
What is the tens digit of 52122697?
9
What is the hundreds digit of 52265694?
6
What is the ten thousands digit of 49495061?
9
What is the ten thousands digit of 139448366?
4
What is the units digit of 743763359?
9
What is the thousands digit of 350405537?
5
What is the ten millions digit of 53648993?
5
What is the ten thousands digit of 41111519?
1
What is the millions digit of 2455257863?
5
What is the billions digit of 1501043476?
1
What is the ten thousands digit of 71881660?
8
What is the billions digit of 1135541850?
1
What is the thousands digit of 6072561350?
1
What is the ten millions digit of 3173485872?
7
What is the ten millions digit of 609240805?
0
What is the ten thousands digit of 341627?
4
What is the tens digit of 62849747?
4
What is the thousands digit of 75252193?
2
What is the units digit of 2583583?
3
What is the thousands digit of 769849113?
9
What is the ten thousands digit of 877556296?
5
What is the hundreds digit of 1653011057?
0
What is the millions digit of 394827555?
4
What is the hundred thousands digit of 60527810?
5
What is the thousands digit of 30283048?
3
What is the billions digit of 1794030746?
1
What is the ten millions digit of 148250681?
4
What is the tens digit of 62372213?
1
What is the thousands digit of 212733340?
3
What is the ten millions digit of 93796192?
9
What is the units digit of 9406553479?
9
What is the tens digit of 44605173?
7
What is the hundred thousands digit of 4596478?
5
What is the hundred thousands digit of 204425363?
4
What is the thousands digit of 1290635460?
5
What is the hundred thousands digit of 2428168266?
1
What is the ten millions digit of 231366452?
3
What is the ten millions digit of 80154328?
8
What is the tens digit of 1916796183?
8
What is the thousands digit of 108683925?
3
What is the thousands digit of 20760969?
0
What is the thousands digit of 47707974?
7
What is the thousands digit of 522454312?
4
What is the hundred millions digit of 853178986?
8
What is the units digit of 5154060?
0
What is the thousands digit of 1881687127?
7
What is the hundred thousands digit of 404623947?
6
What is the thousands digit of 14048617?
8
What is the units digit of 1471154762?
2
What is the millions digit of 762293716?
2
What is the millions digit of 46802647?
6
What is the hundreds digit of 55810349?
3
What is the ten thousands digit of 25864376?
6
What is the billions digit of 3300576014?
3
What is the tens digit of 845749535?
3
What is the tens digit of 59334765?
6
What is the hundred millions digit of 841798166?
8
What is the tens digit of 16735191?
9
What is the tens digit of 111202778?
7
What is the millions digit of 137823826?
7
What is the thousands digit of 303527986?
7
What is the ten thousands digit of 43590677?
9
What is the hundred thousands digit of 233539568?
5
What is the ten millions digit of 100171064?
0
What is the ten millions digit of 117978175?
1
What is the hundred millions digit of 179547972?
1
What is the units digit of 22423376?
6
What is the billions digit of 1016961290?
1
What is the ten thousands digit of 75371089?
7
What is the ten millions digit of 28339538?
2
What is the units digit of 625413142?
2
What is the units digit of 22762959?
9
What is the hundreds digit of 70187821?
8
What is the hundreds digit of 233819686?
6
What is the hundreds digit of 271041866?
8
What is the units digit of 271139480?
0
Wh